{"id":45,"date":"2020-06-29T05:34:06","date_gmt":"2020-06-29T05:34:06","guid":{"rendered":"https:\/\/asteca.mx\/?page_id=45"},"modified":"2020-07-23T04:09:06","modified_gmt":"2020-07-23T04:09:06","slug":"asfalto-y-emulsiones","status":"publish","type":"page","link":"https:\/\/asteca.mx\/?page_id=45","title":{"rendered":"ASFALTO Y EMULSIONES"},"content":{"rendered":"<p>Contamos con tres plantas con capacidad de 110 Tons\/hr cada una, siendo dos de estas un equipo port\u00e1til, capaces de elaborar diferentes dise\u00f1os de mezclas en caliente.<\/p>\n<p>Contamos tambi\u00e9n con una planta de emulsiones donde se elaboran emulsiones convencionales, modificadas y sobre dise\u00f1o.<\/p>\n<p>Realizando obras relevantes como las siguientes:<\/p>\n<ul>\n<li>Suministro y colocaci\u00f3n de mas de 60,000 tons. En el circuito Exterior Mexiquense con la empresa OHL.<\/li>\n<li>Reparaci\u00f3n de las pistas 05 derecha y 23 izquierda de A.I.C.M<\/li>\n<li>Suministro y colocaci\u00f3n en la Barda perimetral del Nuevo Aeropuerto de la Ciudad de M\u00e9xico.<\/li>\n<li>Rehabilitaci\u00f3n de plataformas fiscales como Viatop en A.I.C.M<\/li>\n<li>Suministro y colocaci\u00f3n de mezcla asf\u00e1ltica en la Base A\u00e9rea de Santa Lucia.<\/li>\n<\/ul>\n<h2>Plantas de asfalto ADM 110 toneladas por hora con sus componentes para su operaci\u00f3n .<\/h2>\n<figure><img decoding=\"async\" src=\"https:\/\/asteca.mx\/wp-content\/uploads\/2020\/07\/1.png\" alt=\"1\" \/><\/figure>\n<figure><img decoding=\"async\" src=\"https:\/\/asteca.mx\/wp-content\/uploads\/2020\/07\/2.png\" alt=\"2\" \/><\/figure>\n<figure><img decoding=\"async\" src=\"https:\/\/asteca.mx\/wp-content\/uploads\/2020\/07\/3.png\" alt=\"3\" \/><\/figure>\n<p>\t\t\t\t\t\tPrevio<br \/>\n\t\t\t\t\t\tSiguiente<\/p>\n<h2>Petrolizadoras para riegos de liga y emulsi\u00f3n capacidad de 7,000 lts.<br \/>\n<\/h2>\n<figure><img decoding=\"async\" src=\"https:\/\/asteca.mx\/wp-content\/uploads\/2020\/07\/m1.png\" alt=\"m1\" \/><\/figure>\n<figure><img decoding=\"async\" src=\"https:\/\/asteca.mx\/wp-content\/uploads\/2020\/07\/m2.png\" alt=\"m2\" \/><\/figure>\n<p>\t\t\t\t\t\tPrevio<br \/>\n\t\t\t\t\t\tSiguiente<\/p>\n<h2>Contamos con Finishers a base de sensores Laser.<br \/>\n<\/h2>\n<figure><img decoding=\"async\" src=\"https:\/\/asteca.mx\/wp-content\/uploads\/2020\/07\/a1.png\" alt=\"a1\" \/><\/figure>\n<figure><img decoding=\"async\" src=\"https:\/\/asteca.mx\/wp-content\/uploads\/2020\/07\/a2.png\" alt=\"a2\" \/><\/figure>\n<p>\t\t\t\t\t\tPrevio<br \/>\n\t\t\t\t\t\tSiguiente<\/p>\n","protected":false},"excerpt":{"rendered":"<p>Contamos con tres plantas con capacidad de 110 Tons\/hr cada una, siendo dos de estas un equipo port\u00e1til, capaces de elaborar diferentes dise\u00f1os de mezclas en caliente. Contamos tambi\u00e9n con una planta de emulsiones donde se elaboran emulsiones convencionales, modificadas y sobre dise\u00f1o. Realizando obras relevantes como las siguientes: Suministro y colocaci\u00f3n de mas de &#8230; <a title=\"ASFALTO Y EMULSIONES\" class=\"read-more\" href=\"https:\/\/asteca.mx\/?page_id=45\">Read more<span class=\"screen-reader-text\">ASFALTO Y EMULSIONES<\/span><\/a><\/p>\n","protected":false},"author":1,"featured_media":0,"parent":0,"menu_order":0,"comment_status":"closed","ping_status":"closed","template":"","meta":{"_joinchat":[],"footnotes":""},"class_list":["post-45","page","type-page","status-publish"],"_links":{"self":[{"href":"https:\/\/asteca.mx\/index.php?rest_route=\/wp\/v2\/pages\/45","targetHints":{"allow":["GET"]}}],"collection":[{"href":"https:\/\/asteca.mx\/index.php?rest_route=\/wp\/v2\/pages"}],"about":[{"href":"https:\/\/asteca.mx\/index.php?rest_route=\/wp\/v2\/types\/page"}],"author":[{"embeddable":true,"href":"https:\/\/asteca.mx\/index.php?rest_route=\/wp\/v2\/users\/1"}],"replies":[{"embeddable":true,"href":"https:\/\/asteca.mx\/index.php?rest_route=%2Fwp%2Fv2%2Fcomments&post=45"}],"version-history":[{"count":7,"href":"https:\/\/asteca.mx\/index.php?rest_route=\/wp\/v2\/pages\/45\/revisions"}],"predecessor-version":[{"id":161,"href":"https:\/\/asteca.mx\/index.php?rest_route=\/wp\/v2\/pages\/45\/revisions\/161"}],"wp:attachment":[{"href":"https:\/\/asteca.mx\/index.php?rest_route=%2Fwp%2Fv2%2Fmedia&parent=45"}],"curies":[{"name":"wp","href":"https:\/\/api.w.org\/{rel}","templated":true}]}}